{"id":914,"date":"2023-10-17T13:36:58","date_gmt":"2023-10-17T13:36:58","guid":{"rendered":"https:\/\/biometal.med.br\/site\/?page_id=914"},"modified":"2023-10-17T13:38:35","modified_gmt":"2023-10-17T13:38:35","slug":"terminos-de-uso","status":"publish","type":"page","link":"https:\/\/biometal.med.br\/site\/?page_id=914&lang=es","title":{"rendered":"TERMINOS DE USO"},"content":{"rendered":"\n<ol class=\"wp-block-list\">\n<li><strong>T\u00e9rminos <\/strong><br><br>Al acceder al sitio web de Biometal, usted acepta cumplir con estos t\u00e9rminos de servicio, todas las leyes y regulaciones aplicables, y reconoce que es responsable de cumplir con todas las leyes locales aplicables. Si no est\u00e1 de acuerdo con alguno de estos t\u00e9rminos, se le proh\u00edbe usar o acceder a este sitio. Los materiales contenidos en este sitio est\u00e1n protegidos por las leyes de derechos de autor y marcas comerciales aplicables.<\/li>\n\n\n\n<li><strong>Licencia de Uso <\/strong><br>Se concede permiso para descargar temporalmente una copia de los materiales (informaci\u00f3n o software) en el sitio web de Biometal, solo para visualizaci\u00f3n transitoria personal y no comercial. Esto es la concesi\u00f3n de una licencia, no una transferencia de t\u00edtulo y, bajo esta licencia, no puede:<\/li>\n<\/ol>\n\n\n\n<ul class=\"wp-block-list\">\n<li>modificar o copiar los materiales;<\/li>\n\n\n\n<li>utilizar los materiales con fines comerciales o para exhibici\u00f3n p\u00fablica (comercial o no comercial);<\/li>\n\n\n\n<li>intentar descompilar o realizar ingenier\u00eda inversa de cualquier software contenido en el sitio web de Biometal;<\/li>\n\n\n\n<li>eliminar cualquier derecho de autor u otras notaciones de propiedad de los materiales; o<\/li>\n\n\n\n<li>transferir los materiales a otra persona o &#8220;reflejar&#8221; los materiales en cualquier otro servidor.<\/li>\n<\/ul>\n\n\n\n<p>Esta licencia se rescindir\u00e1 autom\u00e1ticamente si infringe alguna de estas restricciones y Biometal puede rescindirla en cualquier momento. Al finalizar la visualizaci\u00f3n de estos materiales o al finalizar esta licencia, debe eliminar todos los materiales descargados en su posesi\u00f3n, ya sea en formato electr\u00f3nico o impreso.<\/p>\n\n\n\n<ol class=\"wp-block-list\" start=\"3\">\n<li><strong>Exenci\u00f3n de Responsabilidad<\/strong> <br>Los materiales en el sitio web de Biometal se proporcionan &#8220;tal cual&#8221;. Biometal no ofrece garant\u00edas, expresas o impl\u00edcitas, y por la presente exime y niega todas las dem\u00e1s garant\u00edas, incluyendo, entre otras, garant\u00edas impl\u00edcitas o condiciones de comercializaci\u00f3n, idoneidad para un prop\u00f3sito espec\u00edfico o no infracci\u00f3n de propiedad intelectual u otra violaci\u00f3n de derechos. Adem\u00e1s, Biometal no garantiza ni realiza ninguna representaci\u00f3n con respecto a la precisi\u00f3n, los resultados probables o la confiabilidad del uso de los materiales en su sitio o en relaci\u00f3n con esos materiales o en sitios vinculados a este sitio.<\/li>\n\n\n\n<li><strong>Limitaciones <\/strong><br>En ning\u00fan caso Biometal o sus proveedores ser\u00e1n responsables de da\u00f1os (incluyendo, entre otros, da\u00f1os por p\u00e9rdida de datos o beneficios, o debido a interrupci\u00f3n del negocio) derivados del uso o la incapacidad de usar los materiales en Biometal, incluso si Biometal o un representante autorizado de Biometal ha sido notificado oralmente o por escrito de la posibilidad de tales da\u00f1os. Dado que algunas jurisdicciones no permiten limitaciones en garant\u00edas impl\u00edcitas, ni limitaciones de responsabilidad por da\u00f1os consecuentes o incidentales, es posible que estas limitaciones no se apliquen a usted.<\/li>\n\n\n\n<li><strong>Precisi\u00f3n de los Materiales <\/strong><br>Los materiales mostrados en el sitio web de Biometal pueden contener errores t\u00e9cnicos, tipogr\u00e1ficos o fotogr\u00e1ficos. Biometal no garantiza que ning\u00fan material en su sitio sea preciso, completo o actual. Biometal puede realizar cambios en los materiales contenidos en su sitio en cualquier momento, sin previo aviso. Sin embargo, Biometal no se compromete a actualizar los materiales.<\/li>\n\n\n\n<li>Enlaces Biometal no ha revisado todos los sitios enlazados a su sitio y no es responsable del contenido de ning\u00fan sitio enlazado. La inclusi\u00f3n de cualquier enlace no implica el respaldo por parte de Biometal del sitio. El uso de cualquier sitio enlazado es bajo su propio riesgo.<\/li>\n<\/ol>\n\n\n\n<p><strong>Modificaciones <\/strong><br>Biometal puede revisar estos t\u00e9rminos de servicio del sitio en cualquier momento, sin previo aviso. Al utilizar este sitio, usted acepta quedar sujeto a la versi\u00f3n actual de estos t\u00e9rminos de servicio.<\/p>\n\n\n\n<p><strong>Ley Aplicable <\/strong><br>Estos t\u00e9rminos y condiciones est\u00e1n gobernados e interpretados de acuerdo con las leyes de Biometal y usted se somete irrevocablemente a la jurisdicci\u00f3n exclusiva de los tribunales en ese estado o localidad.<\/p>\n","protected":false},"excerpt":{"rendered":"<p>Esta licencia se rescindir\u00e1 autom\u00e1ticamente si infringe alguna de estas restricciones y Biometal puede rescindirla en cualquier momento. Al finalizar la visualizaci\u00f3n de estos materiales o al finalizar esta licencia, debe eliminar todos los materiales descargados en su posesi\u00f3n, ya sea en formato electr\u00f3nico o impreso. Modificaciones Biometal puede revisar estos t\u00e9rminos de servicio del [&hellip;]<\/p>\n","protected":false},"author":1,"featured_media":0,"parent":0,"menu_order":0,"comment_status":"closed","ping_status":"closed","template":"","meta":{"_acf_changed":false,"footnotes":""},"class_list":["post-914","page","type-page","status-publish","hentry"],"acf":[],"_links":{"self":[{"href":"https:\/\/biometal.med.br\/site\/index.php?rest_route=\/wp\/v2\/pages\/914","targetHints":{"allow":["GET"]}}],"collection":[{"href":"https:\/\/biometal.med.br\/site\/index.php?rest_route=\/wp\/v2\/pages"}],"about":[{"href":"https:\/\/biometal.med.br\/site\/index.php?rest_route=\/wp\/v2\/types\/page"}],"author":[{"embeddable":true,"href":"https:\/\/biometal.med.br\/site\/index.php?rest_route=\/wp\/v2\/users\/1"}],"replies":[{"embeddable":true,"href":"https:\/\/biometal.med.br\/site\/index.php?rest_route=%2Fwp%2Fv2%2Fcomments&post=914"}],"version-history":[{"count":2,"href":"https:\/\/biometal.med.br\/site\/index.php?rest_route=\/wp\/v2\/pages\/914\/revisions"}],"predecessor-version":[{"id":917,"href":"https:\/\/biometal.med.br\/site\/index.php?rest_route=\/wp\/v2\/pages\/914\/revisions\/917"}],"wp:attachment":[{"href":"https:\/\/biometal.med.br\/site\/index.php?rest_route=%2Fwp%2Fv2%2Fmedia&parent=914"}],"curies":[{"name":"wp","href":"https:\/\/api.w.org\/{rel}","templated":true}]}}