{"id":43,"date":"2023-04-26T12:57:25","date_gmt":"2023-04-26T12:57:25","guid":{"rendered":"https:\/\/biometal.med.br\/novo\/?page_id=43"},"modified":"2023-12-01T14:39:01","modified_gmt":"2023-12-01T14:39:01","slug":"instrucao-de-uso","status":"publish","type":"page","link":"https:\/\/biometal.med.br\/site\/?page_id=43","title":{"rendered":"Portal para acesso as E-instru\u00e7\u00f5es de uso"},"content":{"rendered":"\t\t<div data-elementor-type=\"wp-page\" data-elementor-id=\"43\" class=\"elementor elementor-43\" data-elementor-post-type=\"page\">\n\t\t\t\t\t\t<section class=\"elementor-section elementor-top-section elementor-element elementor-element-77095f2 elementor-section-boxed elementor-section-height-default elementor-section-height-default\" data-id=\"77095f2\" data-element_type=\"section\" data-e-type=\"section\">\n\t\t\t\t\t\t<div class=\"elementor-container elementor-column-gap-default\">\n\t\t\t\t\t<div class=\"elementor-column elementor-col-100 elementor-top-column elementor-element elementor-element-3e0c72b\" data-id=\"3e0c72b\" data-element_type=\"column\" data-e-type=\"column\">\n\t\t\t<div class=\"elementor-widget-wrap elementor-element-populated\">\n\t\t\t\t\t\t<div class=\"elementor-element elementor-element-a465920 elementor-widget elementor-widget-text-editor\" data-id=\"a465920\" data-element_type=\"widget\" data-e-type=\"widget\" data-widget_type=\"text-editor.default\">\n\t\t\t\t<div class=\"elementor-widget-container\">\n\t\t\t\t\t\t\t\t\t<p>Como\u00a0<strong>fonte de informa\u00e7\u00e3o aos usu\u00e1rios da linha de produtos da BIOMETAL<\/strong>, nossas IU \u2013 INSTRU\u00c7\u00d5ES DE USO destacam considera\u00e7\u00f5es como:<\/p><p>\u2013 Identifica\u00e7\u00e3o completa dos produtos;<br \/>\u2013 Indica\u00e7\u00e3o(es) de uso;<br \/>\u2013 Alertas importantes para aplica\u00e7\u00e3o;<br \/>\u2013 Contraindica\u00e7\u00e3o;<br \/>\u2013 Condi\u00e7\u00f5es para correto manuseio, armazenamento e transporte;<br \/>\u2013 Riscos e precau\u00e7\u00f5es;<br \/>\u2013 Indica\u00e7\u00f5es para forma de descarte ap\u00f3s o uso;<br \/>\u2013 Dentre demais aspectos importantes.<\/p><p>\u00a0<\/p>\t\t\t\t\t\t\t\t<\/div>\n\t\t\t\t<\/div>\n\t\t\t\t\t<\/div>\n\t\t<\/div>\n\t\t\t\t\t<\/div>\n\t\t<\/section>\n\t\t\t\t<section class=\"elementor-section elementor-top-section elementor-element elementor-element-9ced613 elementor-section-boxed elementor-section-height-default elementor-section-height-default\" data-id=\"9ced613\" data-element_type=\"section\" data-e-type=\"section\">\n\t\t\t\t\t\t<div class=\"elementor-container elementor-column-gap-default\">\n\t\t\t\t\t<div class=\"elementor-column elementor-col-100 elementor-top-column elementor-element elementor-element-c336556\" data-id=\"c336556\" data-element_type=\"column\" data-e-type=\"column\">\n\t\t\t<div class=\"elementor-widget-wrap elementor-element-populated\">\n\t\t\t\t\t\t<div class=\"elementor-element elementor-element-868b4dc elementor-widget-divider--view-line elementor-widget elementor-widget-divider\" data-id=\"868b4dc\" data-element_type=\"widget\" data-e-type=\"widget\" data-widget_type=\"divider.default\">\n\t\t\t\t<div class=\"elementor-widget-container\">\n\t\t\t\t\t\t\t<div class=\"elementor-divider\">\n\t\t\t<span class=\"elementor-divider-separator\">\n\t\t\t\t\t\t<\/span>\n\t\t<\/div>\n\t\t\t\t\t\t<\/div>\n\t\t\t\t<\/div>\n\t\t\t\t\t<\/div>\n\t\t<\/div>\n\t\t\t\t\t<\/div>\n\t\t<\/section>\n\t\t\t\t<section class=\"elementor-section elementor-top-section elementor-element elementor-element-ebedf6c elementor-section-boxed elementor-section-height-default elementor-section-height-default\" data-id=\"ebedf6c\" data-element_type=\"section\" data-e-type=\"section\">\n\t\t\t\t\t\t<div class=\"elementor-container elementor-column-gap-default\">\n\t\t\t\t\t<div class=\"elementor-column elementor-col-100 elementor-top-column elementor-element elementor-element-e0c67ab\" data-id=\"e0c67ab\" data-element_type=\"column\" data-e-type=\"column\">\n\t\t\t<div class=\"elementor-widget-wrap elementor-element-populated\">\n\t\t\t\t\t\t<div class=\"elementor-element elementor-element-d157b27 elementor-widget elementor-widget-text-editor\" data-id=\"d157b27\" data-element_type=\"widget\" data-e-type=\"widget\" data-widget_type=\"text-editor.default\">\n\t\t\t\t<div class=\"elementor-widget-container\">\n\t\t\t\t\t\t\t\t\t<p><strong>Forma de consulta<\/strong><\/p><p>Visando acesso r\u00e1pido e pr\u00e1tico \u00e0s estas informa\u00e7\u00f5es, e estando em conformidade com a atual IN n\u00ba 4\/2012 estabelecida pela ANVISA, a BIOMETAL disponibiliza para consulta \/ download nossas IU \u2013 INSTRU\u00c7\u00d5ES DE USO atrav\u00e9s dos seguintes passos:<\/p><p>\u00a0<\/p>\t\t\t\t\t\t\t\t<\/div>\n\t\t\t\t<\/div>\n\t\t\t\t<section class=\"elementor-section elementor-inner-section elementor-element elementor-element-794b100 elementor-section-boxed elementor-section-height-default elementor-section-height-default\" data-id=\"794b100\" data-element_type=\"section\" data-e-type=\"section\" data-settings=\"{&quot;background_background&quot;:&quot;classic&quot;}\">\n\t\t\t\t\t\t<div class=\"elementor-container elementor-column-gap-default\">\n\t\t\t\t\t<div class=\"elementor-column elementor-col-100 elementor-inner-column elementor-element elementor-element-fbc7e1e\" data-id=\"fbc7e1e\" data-element_type=\"column\" data-e-type=\"column\">\n\t\t\t<div class=\"elementor-widget-wrap elementor-element-populated\">\n\t\t\t\t\t\t<div class=\"elementor-element elementor-element-68f538d elementor-widget elementor-widget-text-editor\" data-id=\"68f538d\" data-element_type=\"widget\" data-e-type=\"widget\" data-widget_type=\"text-editor.default\">\n\t\t\t\t<div class=\"elementor-widget-container\">\n\t\t\t\t\t\t\t\t\t<p><strong>Passo 1:<\/strong>&nbsp;Consulte no r\u00f3tulo do seu produto o respectivo N\u00ba REGISTRO \/ CADASTRO ANVISA informado.<br><strong>Passo 2:<\/strong>&nbsp;Consulte no r\u00f3tulo do seu produto a respectiva DATA DE FABRICA\u00c7\u00c3O.<br><strong>Passo 3:<\/strong>&nbsp;Localize a INSTRU\u00c7\u00c3O DE USO que compreenda a data da fabrica\u00e7\u00e3o do seu produto;<br><strong>Passo 4:<\/strong> Para abertura do arquivo, clique em &#8220;Baixar&#8221;<\/p>\t\t\t\t\t\t\t\t<\/div>\n\t\t\t\t<\/div>\n\t\t\t\t\t<\/div>\n\t\t<\/div>\n\t\t\t\t\t<\/div>\n\t\t<\/section>\n\t\t\t\t<div class=\"elementor-element elementor-element-5082ebd elementor-widget elementor-widget-text-editor\" data-id=\"5082ebd\" data-element_type=\"widget\" data-e-type=\"widget\" data-widget_type=\"text-editor.default\">\n\t\t\t\t<div class=\"elementor-widget-container\">\n\t\t\t\t\t\t\t\t\t<p>\u00a0<\/p><p>A IU abrir\u00e1 automaticamente na extens\u00e3o PDF em uma nova janela.<\/p><p>Caso queira efetuar o download, clique no \u00edcone salvar como em seu navegador (caso n\u00e3o disponha de um leitor de PDF instalado no seu computador, pode efetuar o\u00a0<a href=\"http:\/\/www.adobe.com\/products\/reader.html\" target=\"_blank\" rel=\"noreferrer noopener\">download\u00a0aqui.<\/a><\/p><p>Todas as IU \u2013 INSTRU\u00c7\u00c3O DE USO disponibilizadas em nosso site possuem a identifica\u00e7\u00e3o da revis\u00e3o \/ data de emiss\u00e3o na 1\u00aa p\u00e1gina do arquivo, cabendo ao usu\u00e1rio atentar-se para a correta vers\u00e3o (revis\u00e3o e data de emiss\u00e3o) do documento em rela\u00e7\u00e3o \u00e0 DATA DE FABRICA\u00c7\u00c3O informada no r\u00f3tulo do produto adquirido.<\/p><p>Caso seja de interesse do usu\u00e1rio, as IU \u2013 INSTRU\u00c7\u00c3O DE USO poder\u00e3o ser fornecidas em formato impresso, sem custo adicional. Para isso, contate um de nossos representantes comerciais ou nos contate diretamente atrav\u00e9s do telefone: +55 Fone\/ Fax: (19) 3495 \u2013 2485 ou pelo e-mail qualidade@biometal.med.br.<\/p>\t\t\t\t\t\t\t\t<\/div>\n\t\t\t\t<\/div>\n\t\t\t\t\t<\/div>\n\t\t<\/div>\n\t\t\t\t\t<\/div>\n\t\t<\/section>\n\t\t\t\t<section class=\"elementor-section elementor-top-section elementor-element elementor-element-f3fa71a elementor-section-boxed elementor-section-height-default elementor-section-height-default\" data-id=\"f3fa71a\" data-element_type=\"section\" data-e-type=\"section\">\n\t\t\t\t\t\t<div class=\"elementor-container elementor-column-gap-default\">\n\t\t\t\t\t<div class=\"elementor-column elementor-col-100 elementor-top-column elementor-element elementor-element-8409e4f\" data-id=\"8409e4f\" data-element_type=\"column\" data-e-type=\"column\">\n\t\t\t<div class=\"elementor-widget-wrap elementor-element-populated\">\n\t\t\t\t\t\t<div class=\"elementor-element elementor-element-727b2a0 elementor-widget-divider--view-line elementor-widget elementor-widget-divider\" data-id=\"727b2a0\" data-element_type=\"widget\" data-e-type=\"widget\" data-widget_type=\"divider.default\">\n\t\t\t\t<div class=\"elementor-widget-container\">\n\t\t\t\t\t\t\t<div class=\"elementor-divider\">\n\t\t\t<span class=\"elementor-divider-separator\">\n\t\t\t\t\t\t<\/span>\n\t\t<\/div>\n\t\t\t\t\t\t<\/div>\n\t\t\t\t<\/div>\n\t\t\t\t\t<\/div>\n\t\t<\/div>\n\t\t\t\t\t<\/div>\n\t\t<\/section>\n\t\t\t\t<section class=\"elementor-section elementor-top-section elementor-element elementor-element-f429aa2 elementor-section-boxed elementor-section-height-default elementor-section-height-default\" data-id=\"f429aa2\" data-element_type=\"section\" data-e-type=\"section\">\n\t\t\t\t\t\t<div class=\"elementor-container elementor-column-gap-default\">\n\t\t\t\t\t<div class=\"elementor-column elementor-col-100 elementor-top-column elementor-element elementor-element-f3c204e\" data-id=\"f3c204e\" data-element_type=\"column\" data-e-type=\"column\">\n\t\t\t<div class=\"elementor-widget-wrap elementor-element-populated\">\n\t\t\t\t\t\t<div class=\"elementor-element elementor-element-a302a29 elementor-widget elementor-widget-eael-advanced-data-table\" data-id=\"a302a29\" data-element_type=\"widget\" data-e-type=\"widget\" data-widget_type=\"eael-advanced-data-table.default\">\n\t\t\t\t<div class=\"elementor-widget-container\">\n\t\t\t\t\t<div class=\"ea-advanced-data-table-wrap\" data-id=\"a302a29\"><div class=\"ea-advanced-data-table-search-wrap ea-advanced-data-table-search-right\"><input type=\"search\" placeholder=\"Pesquisar\" class=\"ea-advanced-data-table-search\"><\/div><div class=\"ea-advanced-data-table-wrap-inner\">\n                <table class=\"ea-advanced-data-table ea-advanced-data-table-static ea-advanced-data-table-a302a29 ea-advanced-data-table-sortable ea-advanced-data-table-paginated ea-advanced-data-table-searchable\" data-id=\"a302a29\" data-items-per-page=\"30\"><thead><tr><th><p>N\u00ba Anvisa<\/p><\/th><th><p>Nome T\u00e9cnico&nbsp;&nbsp;&nbsp;<\/p><\/th><th><p>&nbsp;Vig\u00eancia [Data de Fabrica\u00e7\u00e3o]<\/p><\/th><th><p>Baixar<\/p><\/th><\/tr><\/thead><tbody><tr><td><p>80482499010<\/p><\/td><td><p>BISTURI MICROCIRURGICO DESCARTAVEL BIOMETAL - Revis\u00e3o-00<\/p><\/td><td><\/td><td><p><a href=\"https:\/\/biometal.med.br\/site\/wp-content\/uploads\/2023\/08\/IFU-80482499010-Bisturi-Microcirurgico-Descartavel-BIOMETAL_revisao-00.pdf\" target=\"_blank\"><strong>Baixar<\/strong><\/a><\/p><\/td><\/tr><tr><td><p>80482499005<\/p><\/td><td><p>BROCA FLEX\u00cdVEL CORTANTE ESF\u00c9RICA SKB_REVIS\u00c3O 00<\/p><\/td><td><\/td><td><p><a href=\"https:\/\/biometal.med.br\/site\/wp-content\/uploads\/2023\/08\/IFU-80482499005-BROCA-FLEXIVEL-CORTANTE-ESFERICA-SKB_revisao-00.pdf\" target=\"_blank\"><strong>Baixar<\/strong><\/a><\/p><\/td><\/tr><tr><td><p>80482499006<\/p><\/td><td><p>BROCA FLEX\u00cdVEL DIAMANTADA ESF\u00c9RICA SKB_REVIS\u00c3O 00<\/p><\/td><td><\/td><td><p><a href=\"https:\/\/biometal.med.br\/site\/wp-content\/uploads\/2023\/08\/IFU-80482499006-BROCA-FLEXIVEL-DIAMANTADA-ESFERICA-SKB_revisao-00.pdf\" target=\"_blank\"><strong>Baixar<\/strong><\/a><\/p><\/td><\/tr><tr><td><p>80482499011<\/p><\/td><td><p>BROCA HELICOIDAL LISA EST\u00c9RIL_REVIS\u00c3O 00<\/p><\/td><td><\/td><td><p><a href=\"https:\/\/biometal.med.br\/site\/wp-content\/uploads\/2023\/08\/IFU-80482499011-BROCA-HELICOIDAL-LISA-ESTERIL_revisao-00.pdf\" target=\"_blank\"><strong>Baixar<\/strong><\/a><\/p><\/td><\/tr><tr><td><p>80482499004<\/p><\/td><td><p>BROCAS AUTOM\u00c1TICA&nbsp;TREPANA\u00c7\u00c3O EST\u00c9RIL BIOMETAL_REVIS\u00c3O 00 <\/p><\/td><td><p>AT\u00c9 16-08-2021<\/p><\/td><td><p><a href=\"https:\/\/biometal.med.br\/site\/wp-content\/uploads\/2023\/08\/IFU-80482499004-Brocas-AUTOMATICA-TREPANACAO-ESTERIL-BIOMETAL_revisao-00.pdf\" target=\"_blank\"><strong>Baixar<\/strong><\/a><\/p><\/td><\/tr><tr><td><p>80482499004<\/p><\/td><td><p>BROCAS AUTOM\u00c1TICA&nbsp;TREPANA\u00c7\u00c3O EST\u00c9RIL BIOMETAL_REVIS\u00c3O 01 <\/p><\/td><td><p>A PARTIR DE 17-08-2021<\/p><\/td><td><p><a href=\"https:\/\/biometal.med.br\/site\/wp-content\/uploads\/2023\/08\/IFU-80482499004-Brocas-AUTOMATICA-TREPANACAO-ESTERIL-BIOMETAL_revisao-01-a-partir-de-17.08.2021.pdf\" target=\"_blank\"><strong>Baixar<\/strong><\/a><\/p><\/td><\/tr><tr><td><p>80482490028<\/p><\/td><td><p>BROCAS CARBIDE BIOMETAL_REVIS\u00c3O 00 <\/p><\/td><td><p>AT\u00c9 03-03-2021<\/p><\/td><td><p><a href=\"https:\/\/biometal.med.br\/site\/wp-content\/uploads\/2023\/08\/IFU-80482490028-BROCAS-CARBIDE-BIOMETAL_revisao-00-ate-03.03.2021.pdf\" target=\"_blank\"><strong>Baixar<\/strong><\/a><\/p><\/td><\/tr><tr><td><p>80482490028<\/p><\/td><td><p>BROCAS CARBIDE BIOMETAL_REVIS\u00c3O 01 <\/p><\/td><td><p>DE 04-03-2021 ATE 16-08-2021<\/p><\/td><td><p><a href=\"https:\/\/biometal.med.br\/site\/wp-content\/uploads\/2023\/08\/IFU-80482490028-BROCAS-CARBIDE-BIOMETAL_revisao-01-de-04.03.2021-ate-16.08.2021.pdf\" target=\"_blank\"><strong>Baixar<\/strong><\/a><\/p><\/td><\/tr><tr><td><p>80482490028<\/p><\/td><td><p>BROCAS CARBIDE BIOMETAL_REVIS\u00c3O 02 <\/p><\/td><td><p>A PARTIR DE 17-08-2021<\/p><\/td><td><p><a href=\"https:\/\/biometal.med.br\/site\/wp-content\/uploads\/2023\/08\/IFU-80482490028-BROCAS-CARBIDE-BIOMETAL_revisao-02-a-partir-de-17.08.2021.pdf\" target=\"_blank\"><strong>Baixar<\/strong><\/a><\/p><\/td><\/tr><tr><td><p>80482490025<\/p><\/td><td><p>BROCAS CORTANTES FRESAS E LAMINAS ESTEREIS_revisao-01<\/p><\/td><td><p>AT\u00c9 03-03-2021<\/p><\/td><td><p><a href=\"https:\/\/biometal.med.br\/site\/wp-content\/uploads\/2023\/08\/IFU-80482490025-Brocas-Cortantes-Fresas-e-Laminas-Estereis_revisao-01-ate-03.03.2021.pdf\" target=\"_blank\"><strong>Baixar<\/strong><\/a><\/p><\/td><\/tr><tr><td><p>80482490025<\/p><\/td><td><p>BROCAS CORTANTES FRESAS E LAMINAS ESTEREIS_revisao-02<\/p><\/td><td><p>DE 04-03-2021 AT\u00c9 16-08-2021<\/p><\/td><td><p><a href=\"https:\/\/biometal.med.br\/site\/wp-content\/uploads\/2023\/08\/IFU-80482490025-Brocas-Cortantes-Fresas-e-Laminas-Estereis_revisao-02-de-04.03.2021-ate-16.08.2021.pdf\" target=\"_blank\"><strong>Baixar<\/strong><\/a><\/p><\/td><\/tr><tr><td><p>80482490025<\/p><\/td><td><p>BROCAS CORTANTES FRESAS E LAMINAS ESTEREIS_revisao-03<\/p><\/td><td><p>DE 17-08-2021 AT\u00c9 28-06-2022<\/p><\/td><td><p><a href=\"https:\/\/biometal.med.br\/site\/wp-content\/uploads\/2023\/08\/IFU-80482490025-Brocas-Cortantes-Fresas-e-Laminas-Estereis_revisao-03-de-17.08.2021-ate-28.06.2022.pdf\" target=\"_blank\"><strong>Baixar<\/strong><\/a><\/p><\/td><\/tr><tr><td><p>80482490025<\/p><\/td><td><p>BROCAS CORTANTES FRESAS E LAMINAS ESTEREIS_revisao-04<\/p><\/td><td><p>A PARTIR 29-06-2022<\/p><\/td><td><p><a href=\"https:\/\/biometal.med.br\/site\/wp-content\/uploads\/2023\/08\/IFU-80482490025-Brocas-Cortantes-Fresas-e-Laminas-Estereis_revisao-04_vigentes-a-partir-de-29.06.2022.pdf\" target=\"_blank\"><strong>Baixar<\/strong><\/a><\/p><\/td><\/tr><tr><td><p>80482490024<\/p><\/td><td><p>BROCAS DIAMANTADAS ESTEREIS_revisao-01<\/p><\/td><td><p>AT\u00c9 03-03-2021<\/p><\/td><td><p><a href=\"https:\/\/biometal.med.br\/site\/wp-content\/uploads\/2023\/08\/IFU-80482490024-BROCAS-DIAMANTADAS-ESTEREIS_revisao-01-ate-03.03.2021.pdf\" target=\"_blank\"><strong>Baixar<\/strong><\/a><\/p><\/td><\/tr><tr><td><p>80482490024<\/p><\/td><td><p>BROCAS DIAMANTADAS ESTEREIS_revisao-02<\/p><\/td><td><p>DE 04-03-2021 AT\u00c9 16-08-2021<\/p><\/td><td><p><a href=\"https:\/\/biometal.med.br\/site\/wp-content\/uploads\/2023\/08\/IFU-80482490024-BROCAS-DIAMANTADAS-ESTEREIS_revisao-02-de-04.03.2021-ate-16.08.2021.pdf\" target=\"_blank\"><strong>Baixar<\/strong><\/a><\/p><\/td><\/tr><tr><td><p>80482490024<\/p><\/td><td><p>BROCAS DIAMANTADAS ESTEREIS_revisao-03<\/p><\/td><td><p>DE 17-08-2021 AT\u00c9 28-06-2022<\/p><\/td><td><p><a href=\"https:\/\/biometal.med.br\/site\/wp-content\/uploads\/2023\/08\/IFU-80482490024-BROCAS-DIAMANTADAS-ESTEREIS_revisao-03-de-17.08.2021-ate-28.06.2022.pdf\" target=\"_blank\"><strong>Baixar<\/strong><\/a><\/p><\/td><\/tr><tr><td><p>80482490024<\/p><\/td><td><p>BROCAS DIAMANTADAS ESTEREIS_revisao-04<\/p><\/td><td><p>A PARTIR 29-06-2022<\/p><\/td><td><p><a href=\"https:\/\/biometal.med.br\/site\/wp-content\/uploads\/2023\/08\/IFU-80482490024-BROCAS-DIAMANTADAS-ESTEREIS_revisao-04-a-partir-de-29.06.2022.pdf\" target=\"_blank\"><strong>Baixar<\/strong><\/a><\/p><\/td><\/tr><tr><td><p>80482499008<\/p><\/td><td><p>FERRAMENTA DE DISSEC\u00c7\u00c3O TUNGSTENIO ESTERIL_revisao-00<\/p><\/td><td><\/td><td><p><a href=\"https:\/\/biometal.med.br\/site\/wp-content\/uploads\/2023\/08\/IFU-80482499008-Ferramenta-de-Disseccao-Tungstenio-ESTERIL_revisao-00.pdf\" target=\"_blank\"><strong>Baixar<\/strong><\/a><\/p><\/td><\/tr><tr><td><p>80482490003<\/p><\/td><td><p>INSTRUMENTAL N\u00c3O ARTICULADO CORTANTE_revisao-01<\/p><\/td><td><p>AT\u00c9 03-03-2021<\/p><\/td><td><p><a href=\"https:\/\/biometal.med.br\/site\/wp-content\/uploads\/2023\/08\/IFU-80482490003-Instrumental-nao-articulado-cortante_revisao-01-ate-03.03.2021.pdf\" target=\"_blank\"><strong>Baixar<\/strong><\/a><\/p><\/td><\/tr><tr><td><p>80482490003<\/p><\/td><td><p>INSTRUMENTAL N\u00c3O ARTICULADO CORTANTE_revisao-02<\/p><\/td><td><p>DE 04-03-2021 AT\u00c9 16-08-2021<\/p><\/td><td><p><a href=\"https:\/\/biometal.med.br\/site\/wp-content\/uploads\/2023\/08\/IFU-80482490003-Instrumental-nao-articulado-cortante_revisao-02-de-04.03.2021-ate-16.08.2021.pdf\" target=\"_blank\"><strong>Baixar<\/strong><\/a><\/p><\/td><\/tr><tr><td><p>80482490003<\/p><\/td><td><p>INSTRUMENTAL N\u00c3O ARTICULADO CORTANTE_revisao-03<\/p><\/td><td><p>A PARTIR 17-08-2021<\/p><\/td><td><p><a href=\"https:\/\/biometal.med.br\/site\/wp-content\/uploads\/2023\/08\/IFU-80482490003-Instrumental-nao-articulado-cortante_revisao-03-a-partir-de-17.08.2021.pdf\" target=\"_blank\"><strong>Baixar<\/strong><\/a><\/p><\/td><\/tr><tr><td><p>80482490019<\/p><\/td><td><p>INSTRUMENTOS CIRURGICO N\u00c3O ARTICULADOS CORTANTES-II_revisao-00<\/p><\/td><td><\/td><td><p><a href=\"https:\/\/biometal.med.br\/site\/wp-content\/uploads\/2023\/08\/IFU-80482490019-Instrumentos-Cirurgicos-Nao-Articulados-Cortantes-II_revisao-00.pdf\" target=\"_blank\"><strong>Baixar<\/strong><\/a><\/p><\/td><\/tr><tr><td><p>80482490019<\/p><\/td><td><p>INSTRUMENTOS CIRURGICO N\u00c3O ARTICULADOS CORTANTES-II_revisao-01<\/p><\/td><td><p>A PARTIR 17-08-2021<\/p><\/td><td><p><a href=\"https:\/\/biometal.med.br\/site\/wp-content\/uploads\/2023\/08\/IFU-80482490019-Instrumentos-Cirurgicos-Nao-Articulados-Cortantes-II_revisao-01-a-partir-de-17.08.2021.pdf\" target=\"_blank\"><strong>Baixar<\/strong><\/a><\/p><\/td><\/tr><tr><td><p>80482490026<\/p><\/td><td><p>KIT CANULA PARA CRANIOTOMIA REFRIGERADA_revisao-00<\/p><\/td><td><\/td><td><p><a href=\"https:\/\/biometal.med.br\/site\/wp-content\/uploads\/2023\/08\/IFU-80482490026-KIT-CANULA-PARA-CRANIOTOMIA-REFRIGERADA_revisao-00.pdf\" target=\"_blank\"><strong>Baixar<\/strong><\/a><\/p><\/td><\/tr><tr><td><p>80482490027<\/p><\/td><td><p>KIT CANULA PARA OSTEOTOMIA PROGRESSIVA REFRIGERADA_revisao-00<\/p><\/td><td><\/td><td><p><a href=\"https:\/\/biometal.med.br\/site\/wp-content\/uploads\/2023\/08\/IFU-80482490027-KIT-CANULA-PARA-OSTEOTOMIA-PROGRESSIVA-REFRIGERADA_revisao-00.pdf\" target=\"_blank\"><strong>Baixar<\/strong><\/a><\/p><\/td><\/tr><tr><td><p>80482499007<\/p><\/td><td><p>LAMINA ESTERIL PARA SELADORA DE TECIDOS_revisao-00<\/p><\/td><td><\/td><td><p><a href=\"https:\/\/biometal.med.br\/site\/wp-content\/uploads\/2023\/08\/IFU-80482499007-LAMINA-ESTERIL-PARA-SELADORA-DE-TECIDOS_revisao-00.pdf\" target=\"_blank\"><strong>Baixar<\/strong><\/a><\/p><\/td><\/tr><tr><td><p>80482499009<\/p><\/td><td><p>LAMINAS E SERRAS_revisao-00<\/p><\/td><td><\/td><td><p><a href=\"https:\/\/biometal.med.br\/site\/wp-content\/uploads\/2023\/08\/IFU-80482499009-LAMINAS-E-SERRAS_revisao-00.pdf\" target=\"_blank\"><strong>Baixar<\/strong><\/a><\/p><\/td><\/tr><tr><td><p>80482499012<\/p><\/td><td><p>PERFURADOR VERTEBRAL CALIBRADO VBR ESTERIL_revisao-00<\/p><\/td><td><\/td><td><p><a href=\"https:\/\/biometal.med.br\/site\/wp-content\/uploads\/2023\/08\/IFU-80482499012-PERFURADOR-VERTEBRAL-CALIBRADO-VBR-ESTERIL_revisao-00.pdf\" target=\"_blank\"><strong>Baixar<\/strong><\/a><\/p><\/td><\/tr><\/tbody><\/table>\n            <\/div><div class=\"ea-advanced-data-table-pagination ea-advanced-data-table-pagination-button clearfix\"><\/div><\/div>\t\t\t\t<\/div>\n\t\t\t\t<\/div>\n\t\t\t\t\t<\/div>\n\t\t<\/div>\n\t\t\t\t\t<\/div>\n\t\t<\/section>\n\t\t\t\t<\/div>\n\t\t","protected":false},"excerpt":{"rendered":"<p>Como\u00a0fonte de informa\u00e7\u00e3o aos usu\u00e1rios da linha de produtos da BIOMETAL, nossas IU \u2013 INSTRU\u00c7\u00d5ES DE USO destacam considera\u00e7\u00f5es como: \u2013 Identifica\u00e7\u00e3o completa dos produtos;\u2013 Indica\u00e7\u00e3o(es) de uso;\u2013 Alertas importantes para aplica\u00e7\u00e3o;\u2013 Contraindica\u00e7\u00e3o;\u2013 Condi\u00e7\u00f5es para correto manuseio, armazenamento e transporte;\u2013 Riscos e precau\u00e7\u00f5es;\u2013 Indica\u00e7\u00f5es para forma de descarte ap\u00f3s o uso;\u2013 Dentre demais aspectos importantes. [&hellip;]<\/p>\n","protected":false},"author":1,"featured_media":0,"parent":0,"menu_order":0,"comment_status":"closed","ping_status":"closed","template":"","meta":{"_acf_changed":false,"footnotes":""},"class_list":["post-43","page","type-page","status-publish","hentry"],"acf":[],"_links":{"self":[{"href":"https:\/\/biometal.med.br\/site\/index.php?rest_route=\/wp\/v2\/pages\/43","targetHints":{"allow":["GET"]}}],"collection":[{"href":"https:\/\/biometal.med.br\/site\/index.php?rest_route=\/wp\/v2\/pages"}],"about":[{"href":"https:\/\/biometal.med.br\/site\/index.php?rest_route=\/wp\/v2\/types\/page"}],"author":[{"embeddable":true,"href":"https:\/\/biometal.med.br\/site\/index.php?rest_route=\/wp\/v2\/users\/1"}],"replies":[{"embeddable":true,"href":"https:\/\/biometal.med.br\/site\/index.php?rest_route=%2Fwp%2Fv2%2Fcomments&post=43"}],"version-history":[{"count":105,"href":"https:\/\/biometal.med.br\/site\/index.php?rest_route=\/wp\/v2\/pages\/43\/revisions"}],"predecessor-version":[{"id":1195,"href":"https:\/\/biometal.med.br\/site\/index.php?rest_route=\/wp\/v2\/pages\/43\/revisions\/1195"}],"wp:attachment":[{"href":"https:\/\/biometal.med.br\/site\/index.php?rest_route=%2Fwp%2Fv2%2Fmedia&parent=43"}],"curies":[{"name":"wp","href":"https:\/\/api.w.org\/{rel}","templated":true}]}}